13 is divided by 472?
441
What is the remainder when 115929 is divided by 31?
20
What is the remainder when 21647781 is divided by 56228?
1
What is the remainder when 22491 is divided by 973?
112
What is the remainder when 8218623 is divided by 2739528?
39
What is the remainder when 34069043 is divided by 4548?
4523
What is the remainder when 1917444 is divided by 1917000?
444
Calculate the remainder when 70067702 is divided by 554.
552
What is the remainder when 99927 is divided by 99926?
1
What is the remainder when 2655650994 is divided by 19?
18
Calculate the remainder when 27121220 is divided by 877.
872
What is the remainder when 53737 is divided by 6305?
3297
What is the remainder when 1596309 is divided by 819?
78
What is the remainder when 1227 is divided by 228?
87
What is the remainder when 2368759 is divided by 120?
79
What is the remainder when 563365 is divided by 20098?
621
Calculate the remainder when 163164 is divided by 159095.
4069
What is the remainder when 12995 is divided by 986?
177
What is the remainder when 228535 is divided by 1083?
22
Calculate the remainder when 3048500 is divided by 1113.
1106
What is the remainder when 139283343 is divided by 657?
0
What is the remainder when 16318 is divided by 5160?
838
Calculate the remainder when 262926 is divided by 345.
36
What is the remainder when 102448 is divided by 169?
34
Calculate the remainder when 13937 is divided by 3335.
597
What is the remainder when 529924 is divided by 199?
186
Calculate the remainder when 7417 is divided by 2493.
2431
Calculate the remainder when 49755652 is divided by 1315.
1312
Calculate the remainder when 17928710 is divided by 543293.
41
What is the remainder when 2390402 is divided by 40?
2
Calculate the remainder when 14886 is divided by 3556.
662
What is the remainder when 429221 is divided by 1996?
81
What is the remainder when 587235 is divided by 157?
55
Calculate the remainder when 18226440 is divided by 2102.
2100
What is the remainder when 28953 is divided by 4793?
195
What is the remainder when 1160516612 is divided by 466?
464
What is the remainder when 1189379 is divided by 594676?
27
What is the remainder when 152545 is divided by 50809?
118
Calculate the remainder when 667877 is divided by 1360.
117
What is the remainder when 8840587 is divided by 1105068?
43
Calculate the remainder when 635275 is divided by 5828.
23
Calculate the remainder when 6767151 is divided by 253.
160
Calculate the remainder when 475451 is divided by 206.
3
What is the remainder when 107543 is divided by 29?
11
Calculate the remainder when 2278933 is divided by 961.
402
Calculate the remainder when 37513767 is divided by 1007.
1003
What is the remainder when 4259197 is divided by 3746?
3741
Calculate the remainder when 78203984 is divided by 485739.
5
Calculate the remainder when 1280827 is divided by 27844.
3
Calculate the remainder when 27161 is divided by 5342.
451
What is the remainder when 1854302 is divided by 326?
14
What is the remainder when 1578005 is divided by 525943?
176
Calculate the remainder when 184063 is divided by 527.
140
Calculate the remainder when 4107218 is divided by 410720.
18
What is the remainder when 1105691 is divided by 2496?
2459
What is the remainder when 7260492 is divided by 34?
30
Calculate the remainder when 450887 is divided by 1354.
5
What is the remainder when 5254049 is divided by 1751339?
32
What is the remainder when 9807625 is divided by 593?
591
Calculate the remainder when 2043367 is divided by 293.
278
What is the remainder when 739195 is divided by 861?
457
Calculate the remainder when 1389102 is divided by 148.
122
What is the remainder when 78896 is divided by 2465?
16
What is the remainder when 453326 is divided by 398?
4
Calculate the remainder when 83965680 is divided by 42.
36
Calculate the remainder when 697085 is divided by 882.
305
Calculate the remainder when 195366 is divided by 1221.
6
Calculate the remainder when 210375 is divided by 234.
9
Calculate the remainder when 101349430 is divided by 23.
22
What is the remainder when 22226 is divided by 10915?
396
Calculate the remainder when 928657 is divided by 463740.
1177
Calculate the remainder when 688241 is divided by 502.
501
Calculate the remainder when 7212628 is divided by 2404209.
1
What is the remainder when 92620 is divided by 2377?
2294
Calculate the remainder when 1157355 is divided by 52.
43
Calculate the remainder when 7299579 is divided by 1515.
309
Calculate the remainder when 7569128 is divided by 210253.
20
What is the remainder when 54107000 is divided by 351?
350
What is the remainder when 12908 is divided by 717?
2
What is the remainder when 3509643 is divided by 125330?
403
What is the remainder when 372198 is divided by 5475?
5373
What is the remainder when 108842383 is divided by 1214?
1213
Calculate the remainder when 151957010 is divided by 17.
11
Calculate the remainder when 2329980 is divided by 6997.
6976
What is the remainder when 116586 is divided by 439?
251
Calculate the remainder when 2210584 is divided by 499.
14
What is the remainder when 21165001 is divided by 340?
1
Calculate the remainder when 347562 is divided by 115384.
1410
What is the remainder when 105686 is divided by 633?
608
Calculate the remainder when 11009 is divided by 2008.
969
What is the remainder when 190500 is divided by 8279?
83
Calculate the remainder when 941431 is divided by 23.
18
What is the remainder when 2114232 is divided by 59?
26
What is the remainder when 610079 is divided by 122014?
9
What is the remainder when 234997 is divided by 78249?
250
What is the remainder when 368216 is divided by 361?
357
What is the remainder when 472158 is divided by 2409?
2403
Calculate the remainder when 369202 is divided by 1583.
363
Calculate the remainder when 57398 is divided by 18.
14
Calculate the remainder when 62271 is divided by 106.
49
Calculate the remainder when 9971549 is divided by 229.
202
What is the remainder when 781711 is divided by 389382?
2947
Calculate the remainder when 58188112 is divided by 209.
4
What is the remainder when 14679505 is divided by 5912?
9
What is the remainder when 134286 is divided by 7424?
654
What is the remainder when 980823 is divided by 30649?
55
Calculate the remainder when 76449945 is divided by 114446.
17
What is the remainder when 84297773 is divided by 9785?
9783
Calculate the remainder when 143369 is divided by 10031.
2935
What is the remainder when 1398453 is divided by 1261?
4
What is the remainder when 570243 is divided by 424?
387
What is the remainder when 202274708 is divided by 318?
314
Calculate the remainder when 967871 is divided by 2724.
851
Calculate the remainder when 91742 is divided by 30578.
8
What is the remainder when 119643 is divided by 1100?
843
What is the remainder when 31746 is divided by 4482?
372
Calculate the remainder when 11809 is divided by 1153.
279
Calculate the remainder when 253202 is divided by 21068.
386
Calculate the remainder when 88269856 is divided by 5574.
5566
What is the remainder when 1817268 is divided by 623?
600
Calculate the remainder when 242854497 is divided by 101.
98
Calculate the remainder when 300804 is divided by 147289.
6226
Calculate the remainder when 17315051 is divided by 2096.
2091
What is the remainder when 29372 is divided by 7762?
6086
Calculate the remainder when 26053 is divided by 1017.
628
Calculate the remainder when 771031 is divided by 3760.
231
What is the remainder when 115678 is divided by 211?
50
Calculate the remainder when 6205 is divided by 100.
5
Calculate the remainder when 35426063 is divided by 107.
75
Calculate the remainder when 586548824 is divided by 48879068.
8
What is the remainder when 10156119 is divided by 36?
15
What is the remainder when 53061 is divided by 52181?
880
What is the remainder when 221598304 is divided by 156?
148
Calculate the remainder when 1792918 is divided by 298691.
772
What is the remainder when 10897303 is divided by 3379?
28
What is the remainder when 1303723 is divided by 1798?
173
What is the remainder when 1992210010 is divided by 108?
106
What is the remainder when 9310254 is divided by 5019?
9
Calculate the remainder when 1090307 is divided by 2985.
782
Calculate the remai